 remainder when 475863 is divided by 302.
213
What is the remainder when 1931280 is divided by 1472?
16
What is the remainder when 358473 is divided by 358214?
259
What is the remainder when 77254167 is divided by 930?
927
What is the remainder when 885498 is divided by 442731?
36
Calculate the remainder when 3844513 is divided by 320376.
1
Calculate the remainder when 469627 is divided by 14.
11
What is the remainder when 318176 is divided by 242?
188
What is the remainder when 654912 is divided by 2009?
1987
Calculate the remainder when 2231513 is divided by 243.
44
What is the remainder when 72784823 is divided by 367600?
23
What is the remainder when 10824082 is divided by 3814?
3764
Calculate the remainder when 131070 is divided by 14461.
921
What is the remainder when 373960 is divided by 46394?
2808
Calculate the remainder when 780405 is divided by 65028.
69
Calculate the remainder when 123380 is divided by 4717.
738
Calculate the remainder when 315805 is divided by 6570.
445
What is the remainder when 1844744 is divided by 1990?
14
Calculate the remainder when 3700 is divided by 1722.
256
Calculate the remainder when 3373360 is divided by 54408.
64
Calculate the remainder when 10722041 is divided by 517.
495
Calculate the remainder when 25141774 is divided by 1472.
14
What is the remainder when 365941 is divided by 85?
16
Calculate the remainder when 147132 is divided by 121.
117
Calculate the remainder when 41402 is divided by 30.
2
Calculate the remainder when 660067 is divided by 632.
259
What is the remainder when 5571969 is divided by 1369?
139
Calculate the remainder when 563160 is divided by 3146.
26
Calculate the remainder when 395718 is divided by 98851.
314
Calculate the remainder when 10480012 is divided by 5239998.
16
What is the remainder when 4599633 is divided by 34582?
227
Calculate the remainder when 38402 is divided by 9466.
538
Calculate the remainder when 655618 is divided by 1.
0
Calculate the remainder when 439761 is divided by 146571.
48
Calculate the remainder when 782668267 is divided by 386.
385
What is the remainder when 1966927 is divided by 1966335?
592
Calculate the remainder when 616545 is divided by 154130.
25
What is the remainder when 3677617 is divided by 34?
7
What is the remainder when 1941080 is divided by 603?
23
What is the remainder when 251531 is divided by 1463?
1358
Calculate the remainder when 174026 is divided by 6841.
3001
What is the remainder when 20724435 is divided by 431759?
3
What is the remainder when 133661 is divided by 644?
353
Calculate the remainder when 197121 is divided by 688.
353
What is the remainder when 41836 is divided by 20692?
452
What is the remainder when 323530 is divided by 7702?
46
Calculate the remainder when 27589 is divided by 3922.
135
Calculate the remainder when 7383980 is divided by 7383977.
3
What is the remainder when 8719026 is divided by 2137?
66
Calculate the remainder when 153806557 is divided by 10986182.
9
Calculate the remainder when 28049141 is divided by 185.
181
Calculate the remainder when 23502 is divided by 2643.
2358
Calculate the remainder when 193118268 is divided by 970.
968
Calculate the remainder when 1401166 is divided by 1481.
140
What is the remainder when 561428 is divided by 40101?
14
Calculate the remainder when 108625 is divided by 19814.
9555
What is the remainder when 124076 is divided by 7031?
4549
What is the remainder when 22658 is divided by 686?
20
What is the remainder when 113337 is divided by 1741?
172
What is the remainder when 1180425 is divided by 531?
12
Calculate the remainder when 1303975 is divided by 36221.
19
Calculate the remainder when 16018962 is divided by 77014.
50
Calculate the remainder when 39914358 is divided by 369.
366
What is the remainder when 269263 is divided by 1360?
1343
What is the remainder when 583548 is divided by 10603?
383
Calculate the remainder when 10044442 is divided by 5.
2
Calculate the remainder when 23279054 is divided by 21920.
14
Calculate the remainder when 6861 is divided by 817.
325
What is the remainder when 67788 is divided by 1189?
15
Calculate the remainder when 2968204 is divided by 6187.
4631
Calculate the remainder when 28811784 is divided by 4738.
6
What is the remainder when 5000481 is divided by 941?
7
Calculate the remainder when 2079466 is divided by 94.
92
What is the remainder when 87477639 is divided by 98?
95
Calculate the remainder when 45479938 is divided by 389.
3
What is the remainder when 623648 is divided by 207840?
128
Calculate the remainder when 546017 is divided by 303.
11
What is the remainder when 322178348 is divided by 3658?
3656
What is the remainder when 295717 is divided by 295227?
490
What is the remainder when 16065500 is divided by 168?
164
Calculate the remainder when 297299 is divided by 341.
288
What is the remainder when 1826815 is divided by 138?
109
Calculate the remainder when 187603916 is divided by 15950.
16
What is the remainder when 2642152 is divided by 2641835?
317
Calculate the remainder when 10568 is divided by 1917.
983
What is the remainder when 11522966 is divided by 344?
342
What is the remainder when 5507247 is divided by 1694?
53
What is the remainder when 883937 is divided by 6225?
6212
What is the remainder when 952741 is divided by 158790?
1
What is the remainder when 2982846 is divided by 4255?
91
What is the remainder when 62544 is divided by 15136?
2000
Calculate the remainder when 342921 is divided by 6593.
85
Calculate the remainder when 2325400 is divided by 218.
212
Calculate the remainder when 413649 is divided by 137840.
129
What is the remainder when 241604 is divided by 80525?
29
Calculate the remainder when 876089 is divided by 318.
317
Calculate the remainder when 30166 is divided by 26679.
3487
What is the remainder when 34747527 is divided by 34747523?
4
Calculate the remainder when 631580 is divided by 156.
92
Calculate the remainder when 21831008 is divided by 145540.
8
Calculate the remainder when 30677 is divided by 17.
9
What is the remainder when 8438288 is divided by 7?
5
What is the remainder when 69774 is divided by 150?
24
What is the remainder when 18216147 is divided by 2165?
2002
Calculate the remainder when 151859 is divided by 6983.
5216
What is the remainder when 5748513 is divided by 289?
14
What is the remainder when 4657661 is divided by 197?
187
What is the remainder when 30881868 is divided by 45?
33
What is the remainder when 100935131 is divided by 35?
31
What is the remainder when 87998 is divided by 8797?
28
Calculate the remainder when 5288434 is divided by 438.
22
What is the remainder when 1791276 is divided by 39806?
6
What is the remainder when 2879 is divided by 448?
191
What is the remainder when 331174 is divided by 2985?
2824
What is the remainder when 1166925 is divided by 123?
24
What is the remainder when 5499 is divided by 1524?
927
What is the remainder when 150242 is divided by 34?
30
Calculate the remainder when 1999369 is divided by 17538.
37
What is the remainder when 39066611 is divided by 4340733?
14
What is the remainder when 380888 is divided by 53745?
4673
Calculate the remainder when 177004 is divided by 177000.
4
What is the remainder when 280661 is divided by 512?
85
Calculate the remainder when 2693182 is divided by 112215.
22
Calculate the remainder when 7606877 is divided by 2535623.
8
Calculate the remainder when 291695 is divided by 219.
206
Calculate the remainder when 205740073 is divided by 95.
93
Calculate the remainder when 8923636 is divided by 13.
7
Calculate the remainder when 11444105 is divided by 468.
101
Calculate the remainder when 646354 is divided by 80793.
10
Calculate the remainder when 107615 is divided by 17935.
5
What is the remainder when 1905013 is divided by 2046?
187
What is the remainder when 151545 is divided by 151534?
11
Calculate the remainder when 994787 is divided by 211.
133
What is the remainder when 653417 is divided by 478?
469
What is the remainder when 18366341 is divided by 3061055?
11
What is the remainder when 460482805 is divided by 269?
266
What is the remainder when 13834510 is divided by 108082?
14
Calculate the remainder when 3251574 is divided by 1083856.
6
Calculate the remainder when 834120 is 